o*p + 21060. What is the tens digit of p?
6
Suppose j + 7 = 3*l, -4*j = 3*l + 2 + 11. What is the tens digit of 70 - (6 + j)/2?
6
Suppose 0 = -4*h + 3*g + 10460, -13076 = -2*h - 3*h + 4*g. What is the units digit of h?
2
Suppose -3*t - 5*x = -2*x - 300, 0 = 3*t - 5*x - 332. Suppose -t*i = -106*i + 866. What is the units digit of i?
3
Let w be 11/(-11)*(-6 - -3 - 2). Suppose v - 3*x - 504 = 0, w = 5*x - 5. What is the hundreds digit of v?
5
Let g be ((-30)/(-27))/(-5) + 133600/18. Suppose -15*j = g - 23907. What is the thousands digit of j?
1
Let p = -227 - -303. Suppose -2*z + p = -5*j, -2*j = -2*z - 3*j + 100. What is the units digit of z?
8
Let r = -28828 - -53753. What is the thousands digit of r?
4
Let d(u) = -u**2 - 167*u + 1215. What is the tens digit of d(-100)?
1
Let l be (-22648)/(-15) - (-24)/180. Let f = -1062 + l. What is the hundreds digit of f?
4
Let x be (4/6)/((-2)/(-15)) - -4. Let d(u) = -3*u + 9. Let v be d(x). What is the units digit of v/((24/(-10))/6)?
5
Suppose 0 = -3*o + 29 - 92. What is the units digit of (16450/o)/(-10) - 4/(-6)?
9
Let m(l) = l**3 - 15*l**2 + 6*l + 47. Suppose 215 + 205 = 28*w. What is the units digit of m(w)?
7
Suppose -2*f = -4*f. What is the units digit of (f + 3068/8)*8/4?
7
Suppose 72*x - 3776686 = -164*x + 10*x. What is the ten thousands digit of x?
1
Suppose -79077 = -23*t + 3*t - 23*t. What is the units digit of t?
9
Suppose 3*a + 3*h - 501 = 0, 0 = 4*a - h - 210 - 428. Let m(q) = -6*q + 6. Let x be m(-5). Suppose -x*o + a = -35*o. What is the units digit of o?
1
Suppose -3*c = -3*w - 18828, -3*c - 5*w + 22656 - 3852 = 0. What is the units digit of c?
3
What is the tens digit of (-2 + 6)*-82*(552/(-16) - 2)?
7
Suppose -3*s + 5*z = -4823, 3*s - 1079 - 3735 = -4*z. What is the units digit of s?
6
Let z be (-135)/(-10) - (1 - 1/2). Suppose 0 = -z*o + 165 + 615. Let r = o - -35. What is the tens digit of r?
9
Suppose -911 - 7592 = -11*o. Suppose -8*l = -o - 1651. What is the hundreds digit of l?
3
Let q = 32 - 21. Suppose -5*r - 5 = -4*u, 3*u + 2*r - 10 - q = 0. Let o(x) = 14*x - 1. What is the tens digit of o(u)?
6
Let s(r) = 37*r**2 + 20*r + 66. Let o be s(-3). Suppose 0 = -16*a + 3507 - o. What is the tens digit of a?
9
Suppose 3*q + 63 = 6*q + 3*n, 4*q = 3*n + 49. Suppose -q*w + 1468 + 5972 = 0. What is the hundreds digit of w?
4
Suppose 182*i - 1753108 = -335328. What is the thousands digit of i?
7
Let s(g) = g**3 + 7*g**2 - 6*g - 23. Let n be s(-12). Let v = n + 1791. Suppose -3*x + v = 7*x. What is the hundreds digit of x?
1
Let z = -35801 - -69520. What is the ten thousands digit of z?
3
Let f = 20595 + 655. What is the units digit of f?
0
Let a be 2/(36/(-10) - -4). Suppose -a*z - 20 = -30. Suppose -3*k + 162 + 203 = 2*j, -10 = z*j. What is the units digit of k?
5
Suppose -7*k - 73480 = -24*k + 70748. What is the thousands digit of k?
8
Let o(l) = -30*l + 12. Suppose 4*f + 61 = 25. Let a be o(f). Suppose 2*t - a = 48. What is the hundreds digit of t?
1
Suppose 2*i + 2*o = 8304, -563*i + 568*i - 4*o - 20760 = 0. What is the units digit of i?
2
Let m be 351/69 - (-6)/(-69). Let x(q) = 12 - 5*q**2 + 11*q - q + 7*q**2. What is the hundreds digit of x(m)?
1
Let a(o) = -3*o**3 + 4*o**2 + 4*o + 1. Suppose 4*i + 4 = -n, 4 + 0 = -n + 5*i. What is the units digit of a(n)?
1
What is the units digit of ((-25580)/(-30) - (-1)/(-6))*60/25?
6
Let f(y) = 3*y**2 + 68*y - 54. What is the hundreds digit of f(46)?
4
Let j(i) = i - 1. Let n be j(23). Let z(m) = n*m - 3 - 3 - 2 - 6*m. What is the hundreds digit of z(8)?
1
Let j = -1878 - -5281. What is the units digit of j?
3
Suppose -f + 176 - 69 = 0. Let r = f + -88. What is the tens digit of r?
1
Let m = -144 + 240. Let u = 1978 + -1817. Let z = u - m. What is the tens digit of z?
6
What is the units digit of 2/(-8)*-1 + 7814043/276?
2
Let t(q) be the third derivative of q**4/6 + q**3/6 - 5*q**2 - q. What is the tens digit of t(11)?
4
Suppose 17 - 19 = -y. Suppose q - y*a = -a + 468, 3*a = q - 460. What is the units digit of q?
2
Let y = 8 + -4. Suppose y*f - 6*f + 660 = m, -4*f - 1288 = -2*m. Suppose -6*j - 130 = -m. What is the units digit of j?
7
Suppose 0 = 136*n - 148*n + 60. Suppose -1957 = -2*t - 10*c + n*c, 2918 = 3*t + 4*c. What is the units digit of t?
6
Suppose 5*m = -5*i + 20, 10*m - 7 = 7*m + 2*i. What is the tens digit of 2 - 142/(-3) - (-2)/m?
5
Suppose 0*l - 18*l + 141714 = -205218. What is the ten thousands digit of l?
1
What is the thousands digit of 230/(-50) + 5 + 172308/30?
5
Let z(y) = -y**2 - 32*y + 19. Let m be z(-30). Let i = m - -20. What is the units digit of i?
9
Suppose 0 = -3*k + 1971 + 6858. What is the tens digit of k?
4
Let v(i) = -i**2 - 5*i + 2. Let b be v(-4). Suppose -b*j - 47 - 1 = 0. What is the units digit of 3*47 - j/(-8)?
0
Suppose 5*y - k = 3*k + 17, 3*y + 2*k = 19. Let p be (3 - 2/1)/(y/(-15)). What is the units digit of (-644)/(-12) - 1/p?
4
Let o(p) be the third derivative of 17*p**5/20 + 7*p**4/12 + 43*p**3/6 + 17*p**2. What is the hundreds digit of o(-6)?
7
Let d(y) = 1001*y**2 - 2. Let c be d(-1). What is the hundreds digit of -5 - (-7 - c/1)?
0
Let a be -6*6/(-36)*3. Suppose r - 4*q - 727 - 47 = 0, r + a*q - 788 = 0. What is the tens digit of r?
8
Suppose 5*a + v = 24 - 12, a + 12 = -5*v. Suppose 0 = a*d + i + 662 - 2603, -4*d + i = -2595. What is the units digit of d?
8
Let a(d) = -38*d + 261. Let l be a(7). What is the thousands digit of (-2)/(-8) + (59643/36 - l)?
1
Let p = 22821 - 7324. What is the units digit of p?
7
Suppose -5*o = 15, -40*u + 38*u + 4063 = -5*o. What is the hundreds digit of u?
0
Suppose -26*a - 51069 = -6*a - 284889. What is the tens digit of a?
9
Let g be 15/3 + 821 + 8. Let u = -356 + g. What is the hundreds digit of u?
4
Let o = 1528 - 844. Let c = o + -376. What is the hundreds digit of c?
3
Suppose -5*t + 113904 = -4*q, 38*t - q - 91121 = 34*t. What is the tens digit of t?
8
Let h = 91850 - 49370. What is the units digit of h?
0
Let g(i) = 6*i**2 - 166*i - 21. Let k be g(29). Suppose -18 = 4*v - 3*v. Let b = k - v. What is the units digit of b?
9
Let o(d) = -10*d + 647 + 485 - 1014. What is the tens digit of o(-29)?
0
Let t = 116926 + -66964. What is the hundreds digit of t?
9
Suppose 16*w - 757459 = -274771. What is the ten thousands digit of w?
3
Suppose 17*s - 18 = 373. Suppose -21*w - 444 = -s*w. What is the tens digit of w?
2
Let n be (5/3 - 3)*(-18)/4. Suppose 0 = -n*a + 227 + 349. Let q = 103 - a. What is the units digit of q?
7
Let r = 63142 + -36814. What is the tens digit of r?
2
Suppose 321 = -6*h - 1431. Let i = -130 - h. What is the tens digit of i?
6
Let r = 4 - 47. Let p = -38 - r. Suppose 2*l + 195 = 3*f - 351, -910 = -p*f + l. What is the units digit of f?
2
Suppose -22*s + 7014 = 1756. Suppose -4*x - 689 = -4*z + s, -2*z - 4*x = -470. What is the tens digit of z?
3
Let a(u) = 59*u + 49. Let l(s) = -39*s - 32. Let f(p) = 5*a(p) + 8*l(p). What is the units digit of f(-5)?
4
Suppose 31342 = 26*i - 54432. Suppose -13*z = 777 - i. What is the tens digit of z?
9
Suppose 18*z + 5*j = 20*z - 59, 5*j - 29 = -2*z. What is the tens digit of ((-33)/z)/(-2 - (-3070)/1536)?
5
Suppose -2*u + 13 + 9 = 3*m, 5*m = 2*u + 10. Suppose -3*k + p = -2*p - 870, u*k = -p + 1432. What is the tens digit of k?
8
Suppose 4*j + v = 827 + 624, 5*j + 3*v - 1819 = 0. Let n = j - -1038. What is the thousands digit of n?
1
Let r = 73098 - 33441. What is the hundreds digit of r?
6
Let s = 104077 + -53763. What is the ten thousands digit of s?
5
Let y = 9155 - 2804. What is the tens digit of y?
5
Let y(f) = -40*f**3 + f**2 - 4*f - 8. Let g(k) = -k**3 + k**2 + k + 1. Let j(d) = -3*g(d) + y(d). What is the hundreds digit of j(-2)?
2
Let s(b) be the second derivative of 5*b**4/6 - 12*b**2 - 11*b. Let r be s(-6). Suppose 2*g + 390 = 7*g + 5*n, 4*g - 4*n = r. What is the units digit of g?
1
Let h(v) = -49 - v + 163 - 54 + 8*v - 53 + 1544*v**2. What is the hundreds digit of h(-1)?
5
Suppose 32*h - 34*h + f + 8288 = 0, 3*f - 16566 = -4*h. Suppose -1101 + h = 6*m. What is the hundreds digit of m?
5
Suppose 0 = 84*s - 88*s + 8. Let q(j) = 71*j + 1. Let y be q(s). Suppose -z - 5*p = -84 - 89, -z + p = -y. What is the hundreds digit of z?
1
Let j = -11365 + 16052. What is the tens digit of j?
8
Suppose -11